 = 6*h(m) - 17*o(m). Calculate u(-2).
9
Let j(z) = -z**2 - 8*z - 4. Let f be j(-6). Let w be (-98)/f - (-1)/4. Let n be 22/8 - (-9)/w. Let i(m) = m**2 + m + 2. What is i(n)?
8
Let g(m) = 57 + 0*m - m - 59. Calculate g(-1).
-1
Let j(g) = -g**3 - g**2 + 6*g**2 + 6*g - 4*g + 4 - 4*g. Let c be (-17)/(-3) + 4/(-6). Determine j(c).
-6
Suppose -3*x - 5*x + 24 = 0. Let g(s) = s**2 - 8*s + 2. Calculate g(x).
-13
Let h(s) = -4 + s**2 - 1 - 4*s + 3 + 5. Determine h(4).
3
Suppose -4*p + 5*n = -41, -5*n + 13 = 5*p - 27. Let o be 5*(p/(-15) - -1). Let b(r) = -r**3 + 2*r**2 - 2*r + 1. What is b(o)?
-3
Let w be -6 - (3 + -2)*-1. Let k(q) = -q**2 - 6*q + 5. Give k(w).
10
Let v(y) = y**2 - 6*y. Let l(g) = -g**2 + 10*g - 5. Let r be l(9). Determine v(r).
-8
Let f(t) = t - 17. Let z be f(11). Let b(l) = l**2 + 7*l - 5. What is b(z)?
-11
Suppose 5*d - 5*q = -15, -5*d - q = -d + 12. Let z(o) = 2*o - 3. What is z(d)?
-9
Let v be -1 + 2/6 + 16/(-3). Let n(w) = -w**2 - w - 1. Let b(z) = 2*z**2 + 6*z + 3. Let y(i) = b(i) + n(i). Determine y(v).
8
Let a(v) = -v**3 - 6 + 3 - 3 + 6*v + 0*v**3 + 4*v**2. What is a(5)?
-1
Let y(z) = -11*z**2. Let a(l) = 3*l**2. Let x(r) = -26*a(r) - 6*y(r). Calculate x(-1).
-12
Let g(d) = d**3 + d**2 + d. Let l(z) = -4*z**3 + 2*z**2. Let s(q) = 5*g(q) + l(q). What is s(-6)?
6
Let g(c) = -c**2 + 4*c. Let t be -1 - -4 - (-24)/(-4). Let k(q) = q**2 - 4*q. Let y(r) = t*k(r) - 4*g(r). Determine y(3).
-3
Let c(y) = -y**2 + 9*y - 2. Let l(k) = k - 1. Let b(z) = -c(z) + 5*l(z). Calculate b(6).
9
Let b(l) = -3*l**3 + l**2. Let w = -26 + 12. Let m be (-9)/7 - 4/w. Calculate b(m).
4
Let o(y) = -4*y - 3 + 0 + 5. Calculate o(-2).
10
Let j(y) = -y + 0 - y - 3. Give j(4).
-11
Let p(r) = -r**3 + 6*r**2 + r - 2. Let a(z) = z**2 + 6. Let l = 2 + -2. Let d be a(l). Calculate p(d).
4
Suppose 5 + 0 = -j. Let o = 10 + j. Let q(y) = 2*y**3 + 9*y**2 - 2*y - 5. Let g(w) = -w**3 - w**2 - w + 1. Let i(a) = 3*g(a) + q(a). Give i(o).
-2
Suppose b + 7 = -5*a, -2*b = -2*a - 3 - 7. Let r(u) = -b*u - 3 + 3. Let g = -29 + 31. Calculate r(g).
-6
Let s(h) = -4*h + 2*h + 3*h + 7. Suppose 33 = -5*b + 8. Determine s(b).
2
Let t(l) = -3*l + 7. Let u = -9 - -14. Calculate t(u).
-8
Let r(k) = -k**2 - 2*k - 1. Let m(x) = -3*x**2 - 2*x - 2. Let t be m(-1). Determine r(t).
-4
Let t be (-5 + 26)*(-2)/6. Let x = 5 + t. Let j(m) = -3*m**3 + 4*m**2 - 3*m + 13. Let n(u) = -u**3 + 2*u**2 - u + 6. Let a(l) = -3*j(l) + 7*n(l). What is a(x)?
-9
Let m(k) be the second derivative of -k**4/3 + k**3/2 - k. Let i(l) = l**2 + 0 - 8 + 6*l + 15. Let j be i(-5). Give m(j).
-10
Let s(o) = -6*o + 1. Let l = 68 + -67. What is s(l)?
-5
Let h = -3 - -5. Let i(z) = -5*z**2 - 2*z**h + z**3 + z**2 + 3 + 5*z. Let n be 6/(-4)*(-30)/9. Give i(n).
3
Suppose -1 - 13 = -o. Let n = o - 11. Let l(i) = i - 2. Calculate l(n).
1
Let s(u) = -u + 7. Let g(d) = d + 7 - 9 - 2. Let o(j) = 5*g(j) + 3*s(j). Suppose 5*a = -4*l + 2*l + 10, -2 = -a + l. Determine o(a).
5
Suppose -2*x = 4*g - 5*x - 9, -3*x = -2*g + 9. Let o(i) be the second derivative of 7/2*i**2 + i + g + 1/6*i**3. What is o(-3)?
4
Let y(t) = -t**3 - 6*t**2 - 2*t + 6. Let q(r) = r**3 - 9*r**2 - 9*r + 8. Let c be q(10). Let h = -23 + c. Give y(h).
-9
Let u(q) = -2*q - 49. Let o be u(-26). Let c(b) be the first derivative of 4 + 2/3*b**o + 2*b + 1/2*b**2 + 1/4*b**4. What is c(-2)?
0
Let a(n) be the first derivative of -n**4/6 + n**3/6 + 3*n + 4. Let u(m) be the first derivative of a(m). Calculate u(1).
-1
Let y(u) = u**3 - 2*u**2 + 2. Let z = -140 + 142. What is y(z)?
2
Suppose -3*n - 4 = -0*y - 4*y, -4*n + 24 = 2*y. Let h(a) be the second derivative of a**5/20 - a**4/3 + a**3/2 - 3*a**2 + 6*a. Determine h(y).
6
Let h = -1 + 5. Suppose -h*v = 7 - 3. Let d(i) = 4 - i + 6*i + i - 5. Determine d(v).
-7
Let f(t) = -2*t**2 - 9*t + 12. Let y(u) = u**2 - u + 1. Let l(h) = -f(h) - 3*y(h). Give l(10).
5
Let m(n) be the first derivative of -n**4/4 + n**3 - 5*n**2/2 + 4*n - 10. Give m(3).
-11
Let c(w) = 3*w - 1. Let s(m) be the second derivative of -m**4/12 - 4*m**3/3 - 3*m**2 + 4*m. Let r be s(-7). Determine c(r).
2
Let q(k) = -2 + 0*k - 7*k**2 - 2*k + k**3 + 6*k + 0*k. Determine q(6).
-14
Let h(v) = -8*v + 9. Let g = -10 + 12. Let c(j) = 2*j - 2. Let w(q) = g*h(q) + 9*c(q). Calculate w(3).
6
Let z(n) = n - 8. Let p be z(9). Let c(j) = j**2 + 5*j - 11*j - 2*j**2 - p. Calculate c(-5).
4
Let v(s) = 15*s + 8. Let t(q) = 7*q + 4. Let r(c) = -13*t(c) + 6*v(c). Determine r(4).
-8
Let i(j) be the third derivative of j**5/60 + j**4/4 + 11*j**2. What is i(-6)?
0
Let c(j) be the third derivative of j**4/12 + j**3/3 + 9*j**2. What is c(-5)?
-8
Let o = -15 - -8. Let y(w) = -w - 11. Give y(o).
-4
Let h = 1 + 0. Let o(f) = 3*f - 1. Determine o(h).
2
Let h(g) = 11*g**3 - 20*g**2 + 11*g - 1. Let f(y) = -4*y**3 + 7*y**2 - 4*y. Let b(z) = 8*f(z) + 3*h(z). Calculate b(4).
1
Let r(t) be the first derivative of -t**3/6 - 11*t**2/2 + 8*t + 3. Let a(m) be the first derivative of r(m). What is a(-6)?
-5
Let p(s) = 4*s**2 + 5*s**2 - 2*s**2 + 4 + 6*s + s**3. Let g(o) = -o + 6. Let f be g(12). Calculate p(f).
4
Let s(g) = 0*g**2 + 6*g**2 + 8 + 3*g + g**3 - 8*g. Give s(-7).
-6
Suppose -4*a + 23 = 7. Let t(g) = -6*g + a*g + 4*g - 4. Calculate t(5).
6
Let p(w) be the second derivative of -1/12*w**4 + 0*w**2 + 2*w - w**3 + 0. Give p(-6).
0
Let v(y) = -3*y + 7. Let t be v(9). Let r = t + 27. Let s(b) = b**3 - 7*b**2 - 2*b + 10. Determine s(r).
-4
Let b(z) = 2*z + 2. Let o(d) = -d**2 + 7*d + 26. Let i be o(10). Give b(i).
-6
Suppose 5*l - 4 = 2*l - 5*x, 3*x = -5*l + 12. Suppose -6 = l*c + 9. Let y(i) = -i + 3*i + 1 + 3 + 0*i. Calculate y(c).
-6
Let s(k) = k**3 - 5*k**2 + 9. Let a(t) = -2*t**3 + 10*t**2 - 17. Let r(f) = 4*a(f) + 7*s(f). Calculate r(4).
11
Let q be 4/(-18) + 104/(-18). Let c(p) = p**2 - 2*p + 7 + 6*p + 4*p. What is c(q)?
-5
Let i(j) = -j + 8. Let z be i(6). Let u(p) = -z - 2*p + 0*p + 4*p - 3*p. Let d be (-16)/(-6) + 2/6. Determine u(d).
-5
Let r(p) = p**2 + p + 3. Suppose c = m - 1, -2*c - 3*c = -3*m + 3. Give r(c).
3
Let p(g) = -4*g**3 - g**2 + g. Suppose 0 = 2*u - 4*u + 4. Let i be u/(-2) - 2 - -3. Suppose i = v + 4*m + 5 + 2, 3*m = 3*v - 9. Give p(v).
-4
Suppose 0*j = -5*j - 20. Let v(u) = 42 + u**3 + 8*u - 3*u + 5*u**2 - 45. Determine v(j).
-7
Let j be 18/3 + -8 + 8. Let k(c) = -3*c**2 + 7*c + 5. Let t(s) = 7*s**2 - 15*s - 9. Let f(n) = -5*k(n) - 2*t(n). Give f(j).
-1
Let m(y) = -7*y + 3*y + 6*y + 3. Let n(v) = -v**3 - 5*v**2 - 5*v - 6. Let a be n(-4). Let k be 10/(-4) + a/4. What is m(k)?
-3
Let s(t) be the third derivative of -t**4/12 - t**3 + 5*t**2. Calculate s(-6).
6
Let y be (18/(-27))/((-4)/(-18)). Let z(p) = -4*p - 3 + p**2 + p - 2*p + p**3. Determine z(y).
-6
Let p(j) = j**3 - 6*j**2 + j - 7. Let r be ((-6)/3 + 0)*2. Let y = r + 10. Let n be p(y). Let l(z) = -2*z**2 + z. Calculate l(n).
-3
Let j = -120 + 114. Let f(v) = -v**3 - 7*v**2 - 7*v - 3. Give f(j).
3
Suppose 3*z - 4*z = -3*l + 7, -l + 4 = -2*z. Let o(t) = -4*t**2 + 2*t + 1. Calculate o(z).
-5
Let g(j) = 2*j - 7. Let w = -34 - -21. Let a = w - -19. Calculate g(a).
5
Let l(y) = -8*y - 7. Let m(i) = -15*i - 15. Let f(a) = -9*l(a) + 5*m(a). Let v(r) = -1. Let u(b) = f(b) - 15*v(b). Let q be (-3 + -1 + 3)*-2. Give u(q).
-3
Let k(l) be the second derivative of -l**3 + 8*l. Let i(s) = -s**2 - s + 1. Let u be i(1). Give k(u).
6
Let r(f) be the second derivative of f**5/20 + f**4/2 + f**3 + f**2/2 - 14*f. Give r(-5).
-4
Let l(n) = n**2 - 7*n + 6. Let z(x) = -x + 1. Let k be z(-2). Suppose -a - 10 = -k*a. Determine l(a).
-4
Let w(l) = -5*l**2 + 4*l**2 + 2 + 3 - 38*l + 39*l. What is w(0)?
5
Let x(o) = -o - 1. Suppose 4*w - 12 + 4 = 0. Suppose -w*p - 1 = 3*v + 6, 3*v = -3*p - 9. Let u(b) = -4*b + 1. Let s be u(v). What is x(s)?
-6
Let j(y) = 2*y - 11. Suppose -2*l = 3*x - 15, 2*x - 4*l = -2*x. Let g(s) = s - 5. Let b(u) = x*j(u) - 5*g(u). Determine b(4).
-4
Let h be (-12)/1*(-4)/6. Let t(s) = s**3 + 8 - h + 0*s**2 - 5*s**2. Calculate t(5).
0
Let x(l) = -l**2 - 3*l + 2. Let o(v) be the first derivative of v**4/4 + 5*v**3/3 - 3*v**2 - 4*v - 4. Let f be o(-6). Determine x(f).
-2
Let y(r) = r - 7 + 0*r + 1. Determine y(0).
-6
Let f(t) be the first derivative of -t**4/4 - t**2/2 - 3. Determine f(0).
0
Let q(k) = k - 7. Let w be q(9). 